-4*g + 64, -111 = -5*g + 2*s. List the prime factors of g.
3, 7
Suppose -2*p - 3*j = -2, -4*p - j = -10 - 14. Suppose 0 = 2*f - p*f + 25. Suppose -2*a = -f*a + 9. List the prime factors of a.
3
Suppose -3*z = -p + 23, 0 = -2*p - 2*p + 4*z + 92. List the prime factors of p.
23
Suppose -2 = 4*h - 54. List the prime factors of h.
13
Let h(f) = -8*f**2 + 1. Let z be h(-1). Let o = 7 - z. What are the prime factors of o?
2, 7
Let s = -4 + 9. Suppose 5*h = -5*o + 35, -2*o + 2*h = s*h - 13. What are the prime factors of o?
2
Suppose -r = -5*y - 85 - 156, 2*r = -4*y + 440. What are the prime factors of r?
2, 113
Let a = -44 + 52. What are the prime factors of a?
2
Let s(m) = m**3 + 9*m**2 - 13*m - 14. Let j be 38/(-4) - (-2)/(-4). List the prime factors of s(j).
2
What are the prime factors of (24/(-48))/(((-1)/74)/1)?
37
List the prime factors of 171/2*(-12)/(-9).
2, 3, 19
Let y(u) = -u**2 - 5*u - 4. Let l be y(-7). Suppose 0 = s - 3*s + 50. Let i = l + s. List the prime factors of i.
7
Suppose 4*f + 46 = 6. Let u = f - -29. List the prime factors of u.
19
Suppose -c - 2*k - 8 = 0, 2*c - 2 = -5*k - 23. Suppose -3*l + 3*o - o = -14, -c*l + 3 = 5*o. What are the prime factors of l?
2
What are the prime factors of (223/6)/((-20)/(-120))?
223
Let c be 2/(-1*(2 - 3)). Let k be (8/6)/(c/(-12)). Let a(p) = -2*p - 7. What are the prime factors of a(k)?
3
List the prime factors of (-127 - (-3 - -5))*-1.
3, 43
Let p(n) = -22*n**3 + n**2 - 1. Suppose 0 = -a + 2*a + 1. List the prime factors of p(a).
2, 11
Let f be (0 + 111)*(-7)/(-21). Suppose 3*h + 5*x + 32 = 157, -h - 4*x = -f. List the prime factors of h.
3, 5
Let d(f) = 19 - 12 - 11 + f**2. Let a(w) = -w**2 + 9*w + 3. Let h be a(9). What are the prime factors of d(h)?
5
Let c be 7*(3 + (-9)/(-7)). Let h = c + -10. List the prime factors of h.
2, 5
Let p(n) = -n**2 - 5*n. Let s be p(-7). What are the prime factors of s/21 - (-202)/6?
3, 11
What are the prime factors of (-12)/(-10)*(-25)/(-2)?
3, 5
Suppose 3*z - 8 = -z. Suppose 2*f = -z - 2. List the prime factors of (1/(-2))/(f/40).
2, 5
List the prime factors of 6 - (-3 + 1 + -1).
3
Let r be (-4)/(-10) - (-8)/(-20). Suppose -4*o + 83 = -u, r = -3*o + 6*o - 4*u - 59. List the prime factors of o.
3, 7
Suppose 50 = u + 3*g, 4*g + 194 = 5*u + 5*g. List the prime factors of u.
2, 19
Let o = 8 - -2. What are the prime factors of 4/o + (-8)/(-5)?
2
Let d(j) = -j**3 + 5*j**2 - 2*j + 5. Let y be (-42)/(-9) + (-2)/(-6). Suppose -3*c + y + 7 = 0. List the prime factors of d(c).
13
Let k = -1 - 0. Let v = k - -3. List the prime factors of v.
2
Suppose -h + 36 = 3. List the prime factors of h.
3, 11
Let o be 14/6*(0 - 3). Let z(c) = c**2 + 4*c - 7. List the prime factors of z(o).
2, 7
Let c(a) = 13*a**3 + a**2 - a + 1. Let u be c(1). Let g = -34 + 24. Let q = u + g. List the prime factors of q.
2
Let g = -33 + 36. List the prime factors of g.
3
Suppose -4*d + 5 = -3. Suppose 2*v = -d*v. Suppose v = 2*n - 9 - 9. List the prime factors of n.
3
Let h = 142 + -71. What are the prime factors of h?
71
Let w(y) = y**2 - y - 29. List the prime factors of w(-14).
181
Suppose 5*i = 2*i - 3*s + 57, s = 2*i - 47. List the prime factors of i.
2, 11
Let o(z) = -2 + 3*z + 2*z**3 + 9*z**2 + 2*z**3 - 5*z**3. What are the prime factors of o(9)?
5
Let n = 4 - 2. Suppose n*j = 8 + 26. What are the prime factors of j?
17
Let b = 16 + -1. Suppose -y - 4 = -b. List the prime factors of y.
11
Suppose -2*p + 430 = -10. Let n be p/18 - (-8)/(-36). Let j = n - 2. List the prime factors of j.
2, 5
Let v(p) = -2*p**3 - 2*p**2 - 2*p - 1. Let j be v(-1). List the prime factors of 9/(3*j/3).
3
Let i(h) = h**3 + 4*h**2 - h - 2. Let v be i(-3). Suppose 0*z + v = -z. Let s = 4 - z. List the prime factors of s.
2, 7
Let x = 16 + -9. Let g = x + 9. What are the prime factors of g?
2
Let g(u) = -8*u - 1. Let i be g(-2). Let q be 28/10 + 3/i. What are the prime factors of 1 + (48/q)/1?
17
Suppose -y = 4*y + 15. Let q = y - 1. What are the prime factors of (0 - q)*22/8?
11
Let y = 2 - 1. Let f be 3*y/(-2)*-2. Suppose f*s - s - 4*x = 26, 0 = -3*s - 5*x + 39. What are the prime factors of s?
13
Suppose -3*w + 7*w = 480. List the prime factors of w.
2, 3, 5
Let q(m) = m**3 + 7*m**2 - 3*m - 12. List the prime factors of q(-7).
3
Suppose 0 = 31*g - 25*g - 282. List the prime factors of g.
47
Let x = -98 + 189. List the prime factors of x.
7, 13
Let h = 14 + -10. Suppose h*l + l - 45 = 0. What are the prime factors of l?
3
Suppose s - 5*s + 3 = r, -2*s - 3*r - 11 = 0. What are the prime factors of (-3)/s - 13/(-2)?
5
Suppose 0 = -5*v - 2*v + 2807. What are the prime factors of v?
401
Let l(r) = -r**3 - r**2 + 3. Let t be l(0). Suppose -2*i + 13 = t*s, 0*i - 3*s = -3*i + 57. What are the prime factors of i?
2, 7
Let p = 7 + -6. What are the prime factors of (-4)/(((-3)/p)/12)?
2
Let b = -93 + 163. Suppose -y = h - 4*h + 85, 4*y = 2*h - b. List the prime factors of h.
3
Let l be 4/(-4) - (-1 + 0). Suppose l = 2*y + 4*i - 10, -2*y - y - i + 5 = 0. Let k(u) = 14*u + 1. What are the prime factors of k(y)?
3, 5
Let c(u) = 2*u**2 - 7*u + 1. Let j be c(5). Let b = -6 + j. List the prime factors of b.
2, 5
Let m(c) = c**2 + c - 2. What are the prime factors of m(7)?
2, 3
Let m = -22 + 9. Let z be 5 - 7 - (-1 - 2). Let p = z - m. What are the prime factors of p?
2, 7
Let j be (11/(-4))/((-3)/12). List the prime factors of j - 3/((-3)/1).
2, 3
Suppose -123 = -8*c - 11. List the prime factors of c.
2, 7
Suppose 3*k - 375 + 33 = 0. List the prime factors of k.
2, 3, 19
Suppose 20*j = 25*j - 1580. List the prime factors of j.
2, 79
Suppose -4*v + y + 231 + 16 = 0, -5*v + 5*y + 290 = 0. Let n = 22 + v. Suppose 0 = -5*t, -3*f + t = 2*f - n. List the prime factors of f.
17
Let s(f) = -4*f**2 - 87*f + 4. What are the prime factors of s(-20)?
2, 3
Suppose 3*m = 4*r - 13, -5*r - m - 7 = 3*m. Let u(q) = -q + r - 4*q + 0. List the prime factors of u(-1).
2, 3
Let k be 2 + -2 + 0 - -28. Suppose 2*p + 2 = k. List the prime factors of p.
13
Suppose 0 = -g + r + 11 + 27, -2*r = -2. List the prime factors of g.
3, 13
Let m = 7 + -17. List the prime factors of (-4 - -3)*(m + 0).
2, 5
Let t = -12 - -16. Suppose l + 148 = 5*n, t*n - 5*l + 0*l = 110. List the prime factors of n.
2, 3, 5
What are the prime factors of -2*676/(12/(-3))?
2, 13
Suppose -k + 4*n - 5 = 0, -11 - 9 = 4*k - 5*n. Let a(l) = l**3 + 5*l**2 - 2*l + 4. List the prime factors of a(k).
2, 7
Let u(o) be the first derivative of o**3/3 - 9*o**2/2 + 2*o + 4. List the prime factors of u(10).
2, 3
Let d be (-81)/(-2) - (-6)/(-12). What are the prime factors of (-6)/(((-36)/d)/3)?
2, 5
Let f(g) = -g - 4. Let q be f(-5). What are the prime factors of (5 - -26)*(0 + q)?
31
Let p(y) = -2*y + 4. Let i be p(-2). What are the prime factors of i/14 + (-5820)/(-105)?
2, 7
Suppose 4*i = 3*v - 6*v - 4, 0 = 4*i - 5*v - 28. Suppose 37 = i*l - 2*n + 15, -l - 3*n = -11. List the prime factors of l.
11
Suppose -2*p - 2*k + 36 = 0, p + p - 31 = 3*k. Suppose 3*r - 3 = 4*j, r + 3*r = j + p. Suppose -l = -4, z - 36 = -j*z - 5*l. What are the prime factors of z?
2
Let m be 1*(-1)/1 - 15. Let o be 1/4 + 4/m. Suppose 3*n + 0*n + 5*t - 57 = o, 0 = -5*n + t + 95. What are the prime factors of n?
19
Let y = 57 + 24. List the prime factors of y.
3
Suppose 14*z - 9*z - 750 = 0. What are the prime factors of z?
2, 3, 5
Suppose 0*h + 15 = 5*h. Suppose -q = -7*k + 2*k - 92, 0 = h*q + k - 212. Suppose -24 = 4*a - q. What are the prime factors of a?
2, 3
Suppose -3*u - 2*t + 94 = 0, 2*t = 2 + 2. What are the prime factors of u?
2, 3, 5
Suppose 3*a + 10 = a, g + 2*a + 7 = 0. Suppose 0 = -g*z - 0*z. Suppose z*h = -h + 9. List the prime factors of h.
3
Suppose -a + 5*k = 21, -4*a - 2*k + 26 = -0*k. What are the prime factors of a*(-1)/6*-3?
2
Let p(c) = 11*c**2 + c + 4. Let j be p(-3). Suppose -m - j = -6*m. List the prime factors of m.
2, 5
Let t be (189/(-6))/(12/(-16)). Suppose t = 4*m + 18. List the prime factors of m.
2, 3
Let i(k) = -k**2 + 37*k - 31. List the prime factors of i(18).
311
Suppose -b = 4*c + 18, b + 5*c = -b - 36. Let t = 40 + b. Suppose -2*q + t = -2*w, 4*q + 3*w - 5 = 18. List the prime factors of q.
2
Let c = 61 - 36. Let z = c - 11. Let w = 25 - z. List the prime factors of w.
11
Let y be 1